{"id":153,"date":"2018-05-04T06:41:49","date_gmt":"2018-05-04T04:41:49","guid":{"rendered":"http:\/\/djkvfl-giesenkirchen.de\/neu\/?page_id=153"},"modified":"2018-05-28T14:00:17","modified_gmt":"2018-05-28T12:00:17","slug":"news","status":"publish","type":"page","link":"http:\/\/djkvfl-giesenkirchen.de\/neu\/home\/news\/","title":{"rendered":"News"},"content":{"rendered":"<style type='text\/css' media='all'>#rt-tpg-container-2614561650 .rt-holder .rt-woo-info .price{color:#dd3333;}body .rt-tpg-container .rt-tpg-isotope-buttons .selected,\n\t\t\t\t\t#rt-tpg-container-2614561650 .layout12 .rt-holder:hover .rt-detail,\n\t\t\t\t\t#rt-tpg-container-2614561650 .isotope8 .rt-holder:hover .rt-detail,\n\t\t\t\t\t#rt-tpg-container-2614561650 .carousel8 .rt-holder:hover .rt-detail,\n\t\t\t\t\t#rt-tpg-container-2614561650 .layout13 .rt-holder .overlay .post-info,\n\t\t\t\t\t#rt-tpg-container-2614561650 .isotope9 .rt-holder .overlay .post-info,\n\t\t\t\t\t#rt-tpg-container-2614561650.rt-tpg-container .layout4 .rt-holder .rt-detail,\n\t\t\t\t\t.rt-modal-2614561650 .md-content,\n\t\t\t\t\t.rt-modal-2614561650 .md-content > .rt-md-content-holder .rt-md-content,\n\t\t\t\t\t.rt-popup-wrap-2614561650.rt-popup-wrap .rt-popup-navigation-wrap,\n\t\t\t\t\t#rt-tpg-container-2614561650 .carousel9 .rt-holder .overlay .post-info{background-color:#dd3333;}#rt-tpg-container-2614561650 .layout5 .rt-holder .overlay, #rt-tpg-container-2614561650 .isotope2 .rt-holder .overlay, #rt-tpg-container-2614561650 .carousel2 .rt-holder .overlay,#rt-tpg-container-2614561650 .layout15 .rt-holder h3, #rt-tpg-container-2614561650 .isotope11 .rt-holder h3, #rt-tpg-container-2614561650 .carousel11 .rt-holder h3, #rt-tpg-container-2614561650 .layout16 .rt-holder h3,\n\t\t\t\t\t#rt-tpg-container-2614561650 .isotope12 .rt-holder h3, #rt-tpg-container-2614561650 .carousel12 .rt-holder h3 {background-color:rgba(221,51,51,0.8);}#rt-tpg-container-2614561650 .pagination-list li a,\n\t\t\t\t\trt-tpg-container-2614561650 .pagination-list li span,\n\t\t\t\t\trt-tpg-container-2614561650 .pagination li a,\n\t\t\t\t\t#rt-tpg-container-2614561650 .rt-tpg-isotope-buttons button,\n\t\t\t\t\t#rt-tpg-container-2614561650 .rt-tpg-utility .rt-tpg-load-more button,\n\t\t\t\t\t#rt-tpg-container-2614561650.rt-tpg-container .swiper-navigation .slider-btn,\n\t\t\t\t\t#rt-tpg-container-2614561650.rt-tpg-container .swiper-pagination-bullet,\n\t\t\t\t\t#rt-tpg-container-2614561650 .wc1 .rt-holder .rt-img-holder .overlay .product-more ul li a,\n\t\t\t\t\t#rt-tpg-container-2614561650 .wc2 .rt-detail .rt-wc-add-to-cart,\n\t\t\t\t\t#rt-tpg-container-2614561650 .wc3 .rt-detail .rt-wc-add-to-cart,\n\t\t\t\t\t#rt-tpg-container-2614561650 .wc4 .rt-detail .rt-wc-add-to-cart,\n\t\t\t\t\t#rt-tpg-container-2614561650 .wc-carousel2 .rt-detail .rt-wc-add-to-cart,\n\t\t\t\t\t#rt-tpg-container-2614561650 .wc-isotope2 .rt-detail .rt-wc-add-to-cart,\n\t\t\t\t\t#rt-tpg-container-2614561650 .rt-layout-filter-container .rt-filter-wrap .rt-filter-item-wrap.rt-filter-dropdown-wrap .rt-filter-dropdown,\n\t\t\t\t\t#rt-tpg-container-2614561650 .rt-layout-filter-container .rt-filter-sub-tax.sub-button-group .rt-filter-button-item,\n\t\t\t\t\t#rt-tpg-container-2614561650.rt-tpg-container .rt-pagination-wrap .rt-page-numbers .paginationjs .paginationjs-pages ul li>a,\n\t\t\t\t\t#rt-tpg-container-2614561650 .rt-filter-item-wrap.rt-filter-button-wrap span.rt-filter-button-item,\n\t\t\t\t\t#rt-tpg-container-2614561650.rt-tpg-container .rt-pagination-wrap  .rt-loadmore-btn,\n\t\t\t\t\t#rt-tpg-container-2614561650.rt-tpg-container .rt-pagination-wrap .rt-cb-page-prev-next > *,\n\t\t\t\t\t#rt-tpg-container-2614561650 .rt-read-more,\n\t\t\t\t\t#rt-tooltip-2614561650, #rt-tooltip-2614561650 .rt-tooltip-bottom:after{background-color:#dd3333;}#rt-tpg-container-2614561650 .rt-filter-item-wrap.rt-filter-button-wrap span.rt-filter-button-item,\n\t\t\t\t\t#rt-tpg-container-2614561650 .rt-layout-filter-container .rt-filter-sub-tax.sub-button-group .rt-filter-button-item{border-color:#dd3333;}#rt-tpg-container-2614561650.rt-tpg-container .layout17 .rt-holder .overlay a.tpg-zoom .fa{color:#dd3333;}#rt-tpg-container-2614561650 .rt-holder .read-more a {background-color:#dd3333;padding: 8px 15px;}#rt-tpg-container-2614561650 .pagination-list li a,\n\t\t\t\t\t#rt-tpg-container-2614561650 .pagination li a,\n\t\t\t\t\t#rt-tpg-container-2614561650 .rt-tpg-isotope-buttons button,\n\t\t\t\t\t#rt-tpg-container-2614561650 .rt-holder .read-more a,\n\t\t\t\t\t#rt-tpg-container-2614561650 .rt-tpg-utility .rt-tpg-load-more button,\n\t\t\t\t\t#rt-tpg-container-2614561650.rt-tpg-container .swiper-navigation .slider-btn,\n\t\t\t\t\t#rt-tpg-container-2614561650 .wc1 .rt-holder .rt-img-holder .overlay .product-more ul li a,\n\t\t\t\t\t#rt-tpg-container-2614561650 .edd1 .rt-holder .rt-img-holder .overlay .product-more ul li a,\n\t\t\t\t\t#rt-tpg-container-2614561650 .wc2 .rt-detail .rt-wc-add-to-cart,\n\t\t\t\t\t#rt-tpg-container-2614561650 .wc3 .rt-detail .rt-wc-add-to-cart,\n\t\t\t\t\t#rt-tpg-container-2614561650 .edd2 .rt-detail .rt-wc-add-to-cart,\n\t\t\t\t\t#rt-tpg-container-2614561650 .wc4 .rt-detail .rt-wc-add-to-cart,\n\t\t\t\t\t#rt-tpg-container-2614561650 .edd3 .rt-detail .rt-wc-add-to-cart,\n\t\t\t\t\t#rt-tpg-container-2614561650 .wc-carousel2 .rt-detail .rt-wc-add-to-cart,\n\t\t\t\t\t#rt-tpg-container-2614561650 .wc-isotope2 .rt-detail .rt-wc-add-to-cart,\n\t\t\t\t\t#rt-tpg-container-2614561650 .rt-tpg-utility .rt-tpg-load-more button,\n\t\t\t\t\t#rt-tooltip-2614561650,\n\t\t\t\t\t#rt-tpg-container-2614561650 .rt-filter-item-wrap.rt-filter-button-wrap span.rt-filter-button-item,\n\t\t\t\t\t#rt-tpg-container-2614561650 .rt-layout-filter-container .rt-filter-sub-tax.sub-button-group .rt-filter-button-item,\n\t\t\t\t\t#rt-tpg-container-2614561650 .rt-layout-filter-container .rt-filter-wrap .rt-filter-item-wrap.rt-sort-order-action,\n\t\t\t\t\t#rt-tpg-container-2614561650 .rt-layout-filter-container .rt-filter-wrap .rt-filter-item-wrap.rt-filter-dropdown-wrap .rt-filter-dropdown .rt-filter-dropdown-item,\n\t\t\t\t\t#rt-tpg-container-2614561650.rt-tpg-container .rt-pagination-wrap .rt-page-numbers .paginationjs .paginationjs-pages ul li>a,\n\t\t\t\t\t#rt-tpg-container-2614561650.rt-tpg-container .rt-pagination-wrap .rt-cb-page-prev-next > *,\n\t\t\t\t\t#rt-tpg-container-2614561650.rt-tpg-container .rt-pagination-wrap  .rt-loadmore-btn,\n\t\t\t\t\t#rt-tpg-container-2614561650 .rt-read-more,\n\t\t\t\t\t#rt-tooltip-2614561650 .rt-tooltip-bottom:after{color:#ffffff;}#rt-tpg-container-2614561650 .read-more a{border-radius:px;}#rt-tpg-container-2614561650 .rt-img-holder img.rt-img-responsive,#rt-tpg-container-2614561650 .rt-img-holder,\n\t\t\t\t\t#rt-tpg-container-2614561650 .rt-post-overlay .post-img,\n\t\t\t\t\t#rt-tpg-container-2614561650 .post-sm .post-img,\n\t\t\t\t\t#rt-tpg-container-2614561650 .rt-post-grid .post-img,\n\t\t\t\t\t#rt-tpg-container-2614561650 .post-img img {border-radius:px;}#rt-tpg-container-2614561650 .layout3 .rt-holder h2.entry-title,\n\t\t\t\t\t#rt-tpg-container-2614561650 .layout3 .rt-holder h3.entry-title,\n\t\t\t\t\t#rt-tpg-container-2614561650 .layout3 .rt-holder h4.entry-title,\n\t\t\t\t\t#rt-tpg-container-2614561650 .layout3 .rt-holder h2.entry-title a,\n\t\t\t\t\t#rt-tpg-container-2614561650 .layout3 .rt-holder h3.entry-title a,\n\t\t\t\t\t#rt-tpg-container-2614561650 .layout3 .rt-holder h4.entry-title a,\n\t\t\t\t\t#rt-tpg-container-2614561650 .rt-holder .rt-woo-info h2 a,\n\t\t\t\t\t#rt-tpg-container-2614561650 .rt-holder .rt-woo-info h3 a,\n\t\t\t\t\t#rt-tpg-container-2614561650 .rt-holder .rt-woo-info h4 a,\n\t\t\t\t\t#rt-tpg-container-2614561650 .post-content .post-title,\n\t\t\t\t\t#rt-tpg-container-2614561650 .rt-post-grid .post-title,\n\t\t\t\t\t#rt-tpg-container-2614561650 .rt-post-grid .post-title a,\n\t\t\t\t\t#rt-tpg-container-2614561650 .post-content .post-title a,\n\t\t\t\t\t#rt-tpg-container-2614561650 .rt-holder .rt-woo-info h2,\n\t\t\t\t\t#rt-tpg-container-2614561650 .rt-holder .rt-woo-info h3,\n\t\t\t\t\t#rt-tpg-container-2614561650 .rt-holder .rt-woo-info h4{color:#dd3333;}<\/style><div class='rt-container-fluid rt-tpg-container tpg-shortcode-main-wrapper ' id='rt-tpg-container-2614561650'   data-layout='layout3' data-grid-style='even' data-desktop-col='1'  data-tab-col='2'  data-mobile-col='1' data-sc-id='711'><div data-title='Loading ...' class='rt-row rt-content-loader   layout3 tpg-even '><div class=\"rt-col-md-12 rt-col-sm-6 rt-col-xs-12 even-grid-item rt-grid-item\" data-id=\"2114\"><div class=\"rt-holder\"><div class=\"rt-row\"><div class='rt-col-sm-4 rt-col-xs-12 '><div class=\"rt-img-holder\"><a data-id='2114' class=' rounded' href='http:\/\/djkvfl-giesenkirchen.de\/neu\/2022\/10\/19\/jahreshauptversammlung-gesamtverein\/'><img loading=\"lazy\" decoding=\"async\" width=\"150\" height=\"150\" src=\"http:\/\/djkvfl-giesenkirchen.de\/neu\/wp-content\/uploads\/2022\/10\/Einladung-JHV-Gesamtverein-2022-150x150.jpg\" class=\"rt-img-responsive \" alt=\"\" \/><\/a><\/div><\/div><div class='rt-col-sm-8 rt-col-xs-12 '><div class='rt-detail'><h2 class=\"entry-title\"><a data-id=\"2114\" class=\"\" href=\"http:\/\/djkvfl-giesenkirchen.de\/neu\/2022\/10\/19\/jahreshauptversammlung-gesamtverein\/\">Jahreshauptversammlung &#8211; Gesamtverein<\/a><\/h2><div class='post-meta-user '><span class='date-meta'><i class='far fa-calendar-alt '><\/i>19. Oktober 2022<\/span><span class='categories-links'><i class='fas fa-folder-open '><\/i><a class=\"allgemien\" href=\"http:\/\/djkvfl-giesenkirchen.de\/neu\/category\/allgemien\/\" rel=\"tag\">Allgemein<\/a><span class=\"rt-separator\">,<\/span><a class=\"junioren\" href=\"http:\/\/djkvfl-giesenkirchen.de\/neu\/category\/junioren\/\" rel=\"tag\">Junioren<\/a><span class=\"rt-separator\">,<\/span><a class=\"senioren\" href=\"http:\/\/djkvfl-giesenkirchen.de\/neu\/category\/senioren\/\" rel=\"tag\">Senioren<\/a><span class=\"rt-separator\">,<\/span><a class=\"uncategorized\" href=\"http:\/\/djkvfl-giesenkirchen.de\/neu\/category\/uncategorized\/\" rel=\"tag\">Uncategorized<\/a><\/span><span class=\"comment-count\"><i class='fas fa-comments '><\/i>(0)<\/span><\/div><div class='post-content'><p>...<\/p><\/div><span class='read-more '><a data-id='2114' class='' href='http:\/\/djkvfl-giesenkirchen.de\/neu\/2022\/10\/19\/jahreshauptversammlung-gesamtverein\/'>Weiterlesen<\/a><\/span><\/div><\/div><\/div><\/div><\/div><div class=\"rt-col-md-12 rt-col-sm-6 rt-col-xs-12 even-grid-item rt-grid-item\" data-id=\"2110\"><div class=\"rt-holder\"><div class=\"rt-row\"><div class='rt-col-sm-4 rt-col-xs-12 '><div class=\"rt-img-holder\"><a data-id='2110' class=' rounded' href='http:\/\/djkvfl-giesenkirchen.de\/neu\/2022\/10\/10\/minikicker-jahrgang-2018\/'><img loading=\"lazy\" decoding=\"async\" width=\"150\" height=\"150\" src=\"http:\/\/djkvfl-giesenkirchen.de\/neu\/wp-content\/uploads\/2022\/10\/Minikicker-150x150.jpg\" class=\"rt-img-responsive \" alt=\"\" \/><\/a><\/div><\/div><div class='rt-col-sm-8 rt-col-xs-12 '><div class='rt-detail'><h2 class=\"entry-title\"><a data-id=\"2110\" class=\"\" href=\"http:\/\/djkvfl-giesenkirchen.de\/neu\/2022\/10\/10\/minikicker-jahrgang-2018\/\">Minikicker &#8211; Jahrgang 2018<\/a><\/h2><div class='post-meta-user '><span class='date-meta'><i class='far fa-calendar-alt '><\/i>10. Oktober 2022<\/span><span class='categories-links'><i class='fas fa-folder-open '><\/i><a class=\"allgemien\" href=\"http:\/\/djkvfl-giesenkirchen.de\/neu\/category\/allgemien\/\" rel=\"tag\">Allgemein<\/a><span class=\"rt-separator\">,<\/span><a class=\"junioren\" href=\"http:\/\/djkvfl-giesenkirchen.de\/neu\/category\/junioren\/\" rel=\"tag\">Junioren<\/a><span class=\"rt-separator\">,<\/span><a class=\"senioren\" href=\"http:\/\/djkvfl-giesenkirchen.de\/neu\/category\/senioren\/\" rel=\"tag\">Senioren<\/a><\/span><span class=\"comment-count\"><i class='fas fa-comments '><\/i>(0)<\/span><\/div><div class='post-content'><p>...<\/p><\/div><span class='read-more '><a data-id='2110' class='' href='http:\/\/djkvfl-giesenkirchen.de\/neu\/2022\/10\/10\/minikicker-jahrgang-2018\/'>Weiterlesen<\/a><\/span><\/div><\/div><\/div><\/div><\/div><div class=\"rt-col-md-12 rt-col-sm-6 rt-col-xs-12 even-grid-item rt-grid-item\" data-id=\"1958\"><div class=\"rt-holder\"><div class=\"rt-row\"><div class='rt-col-xs-12'><div class='rt-detail'><h2 class=\"entry-title\"><a data-id=\"1958\" class=\"\" href=\"http:\/\/djkvfl-giesenkirchen.de\/neu\/2021\/11\/16\/absage-der-hallenstadtmeisterschaft\/\">Absage der Hallenstadtmeisterschaft<\/a><\/h2><div class='post-meta-user '><span class='date-meta'><i class='far fa-calendar-alt '><\/i>16. November 2021<\/span><span class='categories-links'><i class='fas fa-folder-open '><\/i><a class=\"1-mannschaft\" href=\"http:\/\/djkvfl-giesenkirchen.de\/neu\/category\/senioren\/1-mannschaft\/\" rel=\"tag\">1. Mannschaft<\/a><span class=\"rt-separator\">,<\/span><a class=\"2-mannschaft\" href=\"http:\/\/djkvfl-giesenkirchen.de\/neu\/category\/senioren\/2-mannschaft\/\" rel=\"tag\">2. Mannschaft<\/a><span class=\"rt-separator\">,<\/span><a class=\"3-mannschaft\" href=\"http:\/\/djkvfl-giesenkirchen.de\/neu\/category\/senioren\/3-mannschaft\/\" rel=\"tag\">3. Mannschaft<\/a><span class=\"rt-separator\">,<\/span><a class=\"allgemien\" href=\"http:\/\/djkvfl-giesenkirchen.de\/neu\/category\/allgemien\/\" rel=\"tag\">Allgemein<\/a><span class=\"rt-separator\">,<\/span><a class=\"c1-junioren\" href=\"http:\/\/djkvfl-giesenkirchen.de\/neu\/category\/junioren\/c1-junioren\/\" rel=\"tag\">C1-Junioren<\/a><span class=\"rt-separator\">,<\/span><a class=\"c2-junioren\" href=\"http:\/\/djkvfl-giesenkirchen.de\/neu\/category\/junioren\/c2-junioren\/\" rel=\"tag\">C2-Junioren<\/a><span class=\"rt-separator\">,<\/span><a class=\"d1-junioren\" href=\"http:\/\/djkvfl-giesenkirchen.de\/neu\/category\/junioren\/d1-junioren\/\" rel=\"tag\">D1-Junioren<\/a><span class=\"rt-separator\">,<\/span><a class=\"d2-junioren\" href=\"http:\/\/djkvfl-giesenkirchen.de\/neu\/category\/junioren\/d2-junioren\/\" rel=\"tag\">D2-Junioren<\/a><span class=\"rt-separator\">,<\/span><a class=\"e1-junioren\" href=\"http:\/\/djkvfl-giesenkirchen.de\/neu\/category\/junioren\/e1-junioren\/\" rel=\"tag\">E1-Junioren<\/a><span class=\"rt-separator\">,<\/span><a class=\"e2-junioren\" href=\"http:\/\/djkvfl-giesenkirchen.de\/neu\/category\/junioren\/e2-junioren\/\" rel=\"tag\">E2-Junioren<\/a><span class=\"rt-separator\">,<\/span><a class=\"e3-junioren\" href=\"http:\/\/djkvfl-giesenkirchen.de\/neu\/category\/junioren\/e3-junioren\/\" rel=\"tag\">E3-Junioren<\/a><span class=\"rt-separator\">,<\/span><a class=\"f1-junioren\" href=\"http:\/\/djkvfl-giesenkirchen.de\/neu\/category\/junioren\/f1-junioren\/\" rel=\"tag\">F1-Junioren<\/a><span class=\"rt-separator\">,<\/span><a class=\"f2-junioren\" href=\"http:\/\/djkvfl-giesenkirchen.de\/neu\/category\/junioren\/f2-junioren\/\" rel=\"tag\">F2-Junioren<\/a><span class=\"rt-separator\">,<\/span><a class=\"frauenmannschaft\" href=\"http:\/\/djkvfl-giesenkirchen.de\/neu\/category\/senioren\/frauenmannschaft\/\" rel=\"tag\">Frauenmannschaft<\/a><span class=\"rt-separator\">,<\/span><a class=\"g1-junioren\" href=\"http:\/\/djkvfl-giesenkirchen.de\/neu\/category\/junioren\/g1-junioren\/\" rel=\"tag\">G1-Junioren<\/a><span class=\"rt-separator\">,<\/span><a class=\"g2-junioren\" href=\"http:\/\/djkvfl-giesenkirchen.de\/neu\/category\/junioren\/g2-junioren\/\" rel=\"tag\">G2-Junioren<\/a><span class=\"rt-separator\">,<\/span><a class=\"junioren\" href=\"http:\/\/djkvfl-giesenkirchen.de\/neu\/category\/junioren\/\" rel=\"tag\">Junioren<\/a><span class=\"rt-separator\">,<\/span><a class=\"senioren\" href=\"http:\/\/djkvfl-giesenkirchen.de\/neu\/category\/senioren\/\" rel=\"tag\">Senioren<\/a><\/span><span class=\"comment-count\"><i class='fas fa-comments '><\/i>(0)<\/span><\/div><div class='post-content'><p>...<\/p><\/div><span class='read-more '><a data-id='1958' class='' href='http:\/\/djkvfl-giesenkirchen.de\/neu\/2021\/11\/16\/absage-der-hallenstadtmeisterschaft\/'>Weiterlesen<\/a><\/span><\/div><\/div><\/div><\/div><\/div><div class=\"rt-col-md-12 rt-col-sm-6 rt-col-xs-12 even-grid-item rt-grid-item\" data-id=\"1858\"><div class=\"rt-holder\"><div class=\"rt-row\"><div class='rt-col-sm-4 rt-col-xs-12 '><div class=\"rt-img-holder\"><a data-id='1858' class=' rounded' href='http:\/\/djkvfl-giesenkirchen.de\/neu\/2021\/05\/20\/1858\/'><img loading=\"lazy\" decoding=\"async\" width=\"150\" height=\"150\" src=\"http:\/\/djkvfl-giesenkirchen.de\/neu\/wp-content\/uploads\/2021\/05\/Social-150x150.jpg\" class=\"rt-img-responsive \" alt=\"\" \/><\/a><\/div><\/div><div class='rt-col-sm-8 rt-col-xs-12 '><div class='rt-detail'><h2 class=\"entry-title\"><a data-id=\"1858\" class=\"\" href=\"http:\/\/djkvfl-giesenkirchen.de\/neu\/2021\/05\/20\/1858\/\"><\/a><\/h2><div class='post-meta-user '><span class='date-meta'><i class='far fa-calendar-alt '><\/i>20. Mai 2021<\/span><span class='categories-links'><i class='fas fa-folder-open '><\/i><a class=\"allgemien\" href=\"http:\/\/djkvfl-giesenkirchen.de\/neu\/category\/allgemien\/\" rel=\"tag\">Allgemein<\/a><\/span><span class=\"comment-count\"><i class='fas fa-comments '><\/i>(0)<\/span><\/div><div class='post-content'><p>Du brennst f\u00fcr Social Media und bist am Vereinsleben interessiert und m\u00f6chtest, dass sich bei uns etwas ver\u00e4ndert? Du kennst...<\/p><\/div><span class='read-more '><a data-id='1858' class='' href='http:\/\/djkvfl-giesenkirchen.de\/neu\/2021\/05\/20\/1858\/'>Weiterlesen<\/a><\/span><\/div><\/div><\/div><\/div><\/div><div class=\"rt-col-md-12 rt-col-sm-6 rt-col-xs-12 even-grid-item rt-grid-item\" data-id=\"1856\"><div class=\"rt-holder\"><div class=\"rt-row\"><div class='rt-col-xs-12'><div class='rt-detail'><h2 class=\"entry-title\"><a data-id=\"1856\" class=\"\" href=\"http:\/\/djkvfl-giesenkirchen.de\/neu\/2021\/05\/20\/fussballschule-grenzland-sommer-camp\/\">Fussballschule Grenzland &#8211; Sommer-Camp<\/a><\/h2><div class='post-meta-user '><span class='date-meta'><i class='far fa-calendar-alt '><\/i>20. Mai 2021<\/span><span class='categories-links'><i class='fas fa-folder-open '><\/i><a class=\"allgemien\" href=\"http:\/\/djkvfl-giesenkirchen.de\/neu\/category\/allgemien\/\" rel=\"tag\">Allgemein<\/a><\/span><span class=\"comment-count\"><i class='fas fa-comments '><\/i>(0)<\/span><\/div><div class='post-content'><p>...<\/p><\/div><span class='read-more '><a data-id='1856' class='' href='http:\/\/djkvfl-giesenkirchen.de\/neu\/2021\/05\/20\/fussballschule-grenzland-sommer-camp\/'>Weiterlesen<\/a><\/span><\/div><\/div><\/div><\/div><\/div><\/div><\/div>\n","protected":false},"excerpt":{"rendered":"","protected":false},"author":2,"featured_media":0,"parent":40,"menu_order":0,"comment_status":"closed","ping_status":"closed","template":"","meta":{"footnotes":""},"class_list":["post-153","page","type-page","status-publish","hentry"],"rttpg_featured_image_url":null,"rttpg_author":{"display_name":"Lutz Dombert","author_link":"http:\/\/djkvfl-giesenkirchen.de\/neu\/author\/lutz\/"},"rttpg_comment":0,"rttpg_category":"","rttpg_excerpt":null,"_links":{"self":[{"href":"http:\/\/djkvfl-giesenkirchen.de\/neu\/wp-json\/wp\/v2\/pages\/153","targetHints":{"allow":["GET"]}}],"collection":[{"href":"http:\/\/djkvfl-giesenkirchen.de\/neu\/wp-json\/wp\/v2\/pages"}],"about":[{"href":"http:\/\/djkvfl-giesenkirchen.de\/neu\/wp-json\/wp\/v2\/types\/page"}],"author":[{"embeddable":true,"href":"http:\/\/djkvfl-giesenkirchen.de\/neu\/wp-json\/wp\/v2\/users\/2"}],"replies":[{"embeddable":true,"href":"http:\/\/djkvfl-giesenkirchen.de\/neu\/wp-json\/wp\/v2\/comments?post=153"}],"version-history":[{"count":5,"href":"http:\/\/djkvfl-giesenkirchen.de\/neu\/wp-json\/wp\/v2\/pages\/153\/revisions"}],"predecessor-version":[{"id":712,"href":"http:\/\/djkvfl-giesenkirchen.de\/neu\/wp-json\/wp\/v2\/pages\/153\/revisions\/712"}],"up":[{"embeddable":true,"href":"http:\/\/djkvfl-giesenkirchen.de\/neu\/wp-json\/wp\/v2\/pages\/40"}],"wp:attachment":[{"href":"http:\/\/djkvfl-giesenkirchen.de\/neu\/wp-json\/wp\/v2\/media?parent=153"}],"curies":[{"name":"wp","href":"https:\/\/api.w.org\/{rel}","templated":true}]}}